and 21933?
9
Calculate the greatest common factor of 944796 and 516.
516
Calculate the greatest common factor of 430 and 1140.
10
Calculate the highest common divisor of 50 and 340650.
50
Calculate the highest common divisor of 42 and 1003401.
21
What is the greatest common divisor of 4256 and 2184392?
1064
Calculate the greatest common factor of 12 and 7738392.
12
What is the highest common factor of 196356 and 84?
12
Calculate the highest common divisor of 90 and 50094.
18
Calculate the highest common divisor of 9292362 and 916.
458
Calculate the highest common factor of 11468 and 2440.
244
What is the greatest common factor of 14961 and 3?
3
What is the highest common divisor of 576 and 196?
4
What is the highest common factor of 30369 and 1272?
159
Calculate the greatest common divisor of 16116 and 810.
6
Calculate the highest common divisor of 1785 and 49035.
105
Calculate the highest common divisor of 718773 and 138.
69
Calculate the highest common factor of 2288 and 92950.
286
What is the greatest common divisor of 1320 and 232?
8
Calculate the highest common divisor of 564 and 18471.
141
What is the highest common factor of 4 and 30306?
2
Calculate the greatest common factor of 19230 and 23850.
30
Calculate the highest common divisor of 3693573 and 9.
9
Calculate the greatest common factor of 12031 and 89.
1
What is the highest common factor of 12720 and 606585?
795
What is the highest common divisor of 99599 and 18175?
727
What is the highest common factor of 6380 and 3564?
44
What is the highest common divisor of 16 and 2057552?
16
Calculate the highest common divisor of 550 and 5345.
5
Calculate the greatest common factor of 393104 and 16.
16
What is the greatest common divisor of 12609 and 1007319?
1401
Calculate the greatest common factor of 16 and 22600.
8
What is the greatest common divisor of 69323 and 4525?
181
Calculate the greatest common divisor of 896 and 15848.
56
What is the highest common divisor of 3 and 24783?
3
Calculate the greatest common divisor of 410026 and 2802.
934
Calculate the greatest common factor of 888 and 7320.
24
Calculate the highest common divisor of 2251611 and 1068.
267
What is the greatest common divisor of 1038447 and 27?
27
What is the highest common factor of 84 and 18516?
12
What is the highest common factor of 16528 and 40?
8
What is the greatest common factor of 10314 and 918?
54
What is the highest common factor of 128950 and 150?
50
What is the highest common divisor of 17052 and 378?
42
Calculate the greatest common divisor of 3408 and 20164.
284
What is the highest common factor of 8281 and 1274?
637
Calculate the highest common divisor of 9889 and 4309.
31
Calculate the highest common divisor of 350 and 152390.
70
Calculate the greatest common divisor of 12 and 55644.
12
Calculate the greatest common divisor of 166586 and 282968.
2282
What is the highest common factor of 456 and 26391?
57
Calculate the highest common factor of 7224 and 37625.
301
Calculate the highest common divisor of 1092 and 4186.
182
What is the greatest common divisor of 3808 and 10528?
224
Calculate the greatest common divisor of 60 and 97872.
12
What is the greatest common factor of 2512 and 512?
16
What is the greatest common divisor of 409554 and 122?
122
What is the highest common divisor of 432 and 48816?
432
Calculate the highest common factor of 2 and 19498.
2
What is the greatest common divisor of 28 and 177835?
7
Calculate the greatest common factor of 43239 and 7455.
1491
What is the highest common factor of 690 and 64920?
30
Calculate the greatest common factor of 806 and 71331.
403
What is the highest common factor of 858 and 6974?
22
Calculate the greatest common divisor of 12 and 24948.
12
Calculate the greatest common divisor of 546 and 7618.
26
What is the greatest common factor of 4862 and 49946?
442
Calculate the greatest common divisor of 72 and 14792.
8
What is the highest common divisor of 24 and 143816?
8
What is the highest common factor of 58040 and 940?
20
Calculate the highest common divisor of 1209 and 1402037.
403
Calculate the highest common factor of 216385 and 52.
13
What is the greatest common divisor of 21723 and 3237?
39
Calculate the greatest common factor of 571580 and 220.
20
What is the highest common divisor of 245 and 26145?
35
What is the highest common divisor of 711 and 41159?
79
What is the greatest common divisor of 77 and 823711?
7
Calculate the highest common factor of 129435 and 15.
15
What is the greatest common factor of 85343 and 899?
31
What is the greatest common factor of 525 and 204015?
105
What is the greatest common factor of 969 and 67065?
51
What is the greatest common divisor of 208 and 13424?
16
What is the greatest common factor of 343 and 499604?
49
What is the greatest common factor of 116 and 19517?
29
What is the highest common factor of 5727 and 996?
249
What is the highest common divisor of 10696 and 26549?
191
What is the highest common divisor of 1974 and 79289?
329
What is the greatest common factor of 232 and 4504?
8
What is the greatest common divisor of 174 and 7482?
174
Calculate the greatest common divisor of 349321 and 98.
49
What is the highest common divisor of 63140 and 15?
5
What is the greatest common divisor of 1225 and 6775?
25
Calculate the greatest common divisor of 24272 and 1332.
148
What is the highest common divisor of 137093 and 103?
103
Calculate the highest common divisor of 401940 and 3564.
396
What is the greatest common divisor of 290 and 85550?
290
Calculate the greatest common divisor of 387498 and 408.
102
What is the greatest common divisor of 5770 and 10?
10
Calculate the greatest common divisor of 2484 and 4784.
92
Calculate the greatest common factor of 28770 and 98910.
210
Calculate the highest common factor of 987471 and 3285.
657
What is the greatest common divisor of 88 and 729212?
44
Calculate the highest common factor of 1708 and 1955660.
1708
Calculate the highest common divisor of 67710 and 244.
122
What is the greatest common factor of 5106 and 1794?
138
What is the greatest common factor of 1 and 5897?
1
What is the greatest common divisor of 880 and 395120?
880
Calculate the highest common factor of 269920 and 20160.
1120
What is the greatest common factor of 307461 and 297?
33
Calculate the highest common factor of 248810 and 21480.
1790
Calculate the greatest common factor of 34973 and 1312.
41
Calculate the greatest common factor of 221166 and 18.
18
What is the greatest common factor of 22440 and 4590?
510
Calculate the greatest common divisor of 25899 and 3201.
291
What is the greatest common divisor of 1523 and 5?
1
What is the highest common factor of 329 and 1070237?
329
What is the highest common divisor of 609 and 18531?
87
Calculate the greatest common factor of 928 and 34784.
32
What is the greatest common factor of 4571 and 202430?
653
What is the highest common factor of 9968 and 1148?
28
What is the highest common factor of 15194 and 749?
107
What is the greatest common divisor of 5244 and 2076?
12
Calculate the highest common divisor of 3456 and 20952.
216
What is the highest common divisor of 100 and 174100?
100
Calculate the greatest common divisor of 36 and 25587.
9
What is the greatest common factor of 18 and 44784?
18
What is the greatest common divisor of 7373 and 707?
101
Calculate the highest common factor of 11312 and 144.
16
Calculate the greatest common divisor of 741 and 7163.
247
What is the greatest common divisor of 419300 and 20?
20
Calculate the greatest common factor of 609037 and 44.
11
Calculate the greatest common divisor of 209888 and 672.
224
Calculate the greatest common factor of 40 and 24190.
10
Calculate the highest common factor of 93996 and 21.
21
What is the highest common factor of 150 and 20500?
50
What is the highest common divisor of 850 and 175?
25
Calculate the greatest common divisor of 606 and 1932837.
303
What is the greatest common divisor of 324 and 50706?
162
Calculate the greatest common factor of 55 and 1535.
5
What is the greatest common factor of 157208 and 8?
8
What is the highest common factor of 92 and 560717?
23
Calculate the greatest common divisor of 4940 and 13780.
260
Calculate the greatest common factor of 21 and 9289.
7
Calcul